{"id":776,"date":"2025-07-31T09:08:49","date_gmt":"2025-07-31T09:08:49","guid":{"rendered":"https:\/\/www.zmbcostruzionigenerali.it\/?page_id=776"},"modified":"2025-08-26T11:10:15","modified_gmt":"2025-08-26T11:10:15","slug":"settori-di-attivita","status":"publish","type":"page","link":"https:\/\/www.zmbcostruzionigenerali.it\/index.php\/settori-di-attivita\/","title":{"rendered":"Settori di Attivit\u00e0"},"content":{"rendered":"\t\t<div data-elementor-type=\"wp-page\" data-elementor-id=\"776\" class=\"elementor elementor-776\">\n\t\t\t\t\t\t<section class=\"elementor-section elementor-top-section elementor-element elementor-element-d146ecf elementor-section-boxed elementor-section-height-default elementor-section-height-default\" data-id=\"d146ecf\" data-element_type=\"section\">\n\t\t\t\t\t\t<div class=\"elementor-container elementor-column-gap-default\">\n\t\t\t\t\t<div class=\"elementor-column elementor-col-100 elementor-top-column elementor-element elementor-element-817d623\" data-id=\"817d623\" data-element_type=\"column\">\n\t\t\t<div class=\"elementor-widget-wrap elementor-element-populated\">\n\t\t\t\t\t\t<div class=\"elementor-element elementor-element-0bcfa0a elementor-widget elementor-widget-heading\" data-id=\"0bcfa0a\" data-element_type=\"widget\" data-widget_type=\"heading.default\">\n\t\t\t\t<div class=\"elementor-widget-container\">\n\t\t\t\t\t<h1 class=\"elementor-heading-title elementor-size-default\"><h1>Scopri tutti i Nostri Settori di Attivit\u00e0!<span style=\"font-family: Montserrat, sans-serif;font-weight: 700\"><\/span><\/h1><\/h1>\t\t\t\t<\/div>\n\t\t\t\t<\/div>\n\t\t\t\t<div class=\"elementor-element elementor-element-28b7964 elementor-widget elementor-widget-spacer\" data-id=\"28b7964\" data-element_type=\"widget\" data-widget_type=\"spacer.default\">\n\t\t\t\t<div class=\"elementor-widget-container\">\n\t\t\t\t\t\t\t<div class=\"elementor-spacer\">\n\t\t\t<div class=\"elementor-spacer-inner\"><\/div>\n\t\t<\/div>\n\t\t\t\t\t\t<\/div>\n\t\t\t\t<\/div>\n\t\t\t\t\t<\/div>\n\t\t<\/div>\n\t\t\t\t\t<\/div>\n\t\t<\/section>\n\t\t\t\t<section class=\"elementor-section elementor-top-section elementor-element elementor-element-45c4336 elementor-section-boxed elementor-section-height-default elementor-section-height-default\" data-id=\"45c4336\" data-element_type=\"section\">\n\t\t\t\t\t\t<div class=\"elementor-container elementor-column-gap-default\">\n\t\t\t\t\t<div class=\"elementor-column elementor-col-50 elementor-top-column elementor-element elementor-element-fb593da\" data-id=\"fb593da\" data-element_type=\"column\">\n\t\t\t<div class=\"elementor-widget-wrap elementor-element-populated\">\n\t\t\t\t\t\t<div class=\"elementor-element elementor-element-ba3bb99 elementor-widget elementor-widget-image\" data-id=\"ba3bb99\" data-element_type=\"widget\" data-widget_type=\"image.default\">\n\t\t\t\t<div class=\"elementor-widget-container\">\n\t\t\t\t\t\t\t\t\t\t\t\t\t\t\t<img fetchpriority=\"high\" decoding=\"async\" width=\"1024\" height=\"667\" src=\"https:\/\/www.zmbcostruzionigenerali.it\/wp-content\/uploads\/2025\/08\/settore_residenziale-1024x667.png\" class=\"attachment-large size-large wp-image-783\" alt=\"\" srcset=\"https:\/\/www.zmbcostruzionigenerali.it\/wp-content\/uploads\/2025\/08\/settore_residenziale-1024x667.png 1024w, https:\/\/www.zmbcostruzionigenerali.it\/wp-content\/uploads\/2025\/08\/settore_residenziale-300x195.png 300w, https:\/\/www.zmbcostruzionigenerali.it\/wp-content\/uploads\/2025\/08\/settore_residenziale-768x500.png 768w, https:\/\/www.zmbcostruzionigenerali.it\/wp-content\/uploads\/2025\/08\/settore_residenziale.png 1222w\" sizes=\"(max-width: 1024px) 100vw, 1024px\" \/>\t\t\t\t\t\t\t\t\t\t\t\t\t\t\t<\/div>\n\t\t\t\t<\/div>\n\t\t\t\t\t<\/div>\n\t\t<\/div>\n\t\t\t\t<div class=\"elementor-column elementor-col-50 elementor-top-column elementor-element elementor-element-b61a420\" data-id=\"b61a420\" data-element_type=\"column\">\n\t\t\t<div class=\"elementor-widget-wrap elementor-element-populated\">\n\t\t\t\t\t\t<div class=\"elementor-element elementor-element-3897899 elementor-widget elementor-widget-text-editor\" data-id=\"3897899\" data-element_type=\"widget\" data-widget_type=\"text-editor.default\">\n\t\t\t\t<div class=\"elementor-widget-container\">\n\t\t\t\t\t\t\t\t\t<h3 class=\"wp-block-heading\"><br \/>Residenziale<\/h3>\n<p>Realizziamo progetti residenziali di ogni tipo, dalle singole abitazioni agli interi complessi immobiliari, con un approccio che combina qualit\u00e0 costruttiva, attenzione al dettaglio e ascolto delle esigenze del cliente. Seguiamo ogni fase: rilievi preliminari, progettazione architettonica e impiantistica, scelta dei materiali, direzione lavori e collaudi finali. Puntiamo a creare spazi confortevoli, luminosi e funzionali, curando isolamento termico e acustico, efficienza energetica e soluzioni domotiche. Coordiniamo maestranze qualificate e fornitori affidabili, rispettando tempi e budget concordati, per consegnare case pronte da vivere e durature nel tempo, con un servizio post-vendita attento e trasparente.<\/p>\t\t\t\t\t\t\t\t<\/div>\n\t\t\t\t<\/div>\n\t\t\t\t\t<\/div>\n\t\t<\/div>\n\t\t\t\t\t<\/div>\n\t\t<\/section>\n\t\t\t\t<section class=\"elementor-section elementor-top-section elementor-element elementor-element-0194600 elementor-section-boxed elementor-section-height-default elementor-section-height-default\" data-id=\"0194600\" data-element_type=\"section\">\n\t\t\t\t\t\t<div class=\"elementor-container elementor-column-gap-default\">\n\t\t\t\t\t<div class=\"elementor-column elementor-col-50 elementor-top-column elementor-element elementor-element-b30c4b1\" data-id=\"b30c4b1\" data-element_type=\"column\">\n\t\t\t<div class=\"elementor-widget-wrap elementor-element-populated\">\n\t\t\t\t\t\t<div class=\"elementor-element elementor-element-08700c8 elementor-widget elementor-widget-text-editor\" data-id=\"08700c8\" data-element_type=\"widget\" data-widget_type=\"text-editor.default\">\n\t\t\t\t<div class=\"elementor-widget-container\">\n\t\t\t\t\t\t\t\t\t<h3 class=\"wp-block-heading\"><br \/>Commerciale<\/h3>\n<p>Siamo specializzati nella costruzione e ristrutturazione di spazi commerciali come negozi, show-room e uffici open space, progettati per favorire il flusso dei clienti, la produttivit\u00e0 e l\u2019immagine del brand. Offriamo soluzioni su misura per layout, illuminazione, acustica e impianti, ottimizzando la fruizione degli ambienti e riducendo i consumi. Gestiamo pratiche edilizie e autorizzative, piani di sicurezza, approvvigionamento materiali e cronoprogrammi, per minimizzare i tempi di fermo e rispettare le scadenze. La nostra esperienza in progetti complessi assicura finiture di qualit\u00e0, coordinamento puntuale dei lavori e un risultato coerente con gli obiettivi commerciali del cliente.<\/p>\t\t\t\t\t\t\t\t<\/div>\n\t\t\t\t<\/div>\n\t\t\t\t\t<\/div>\n\t\t<\/div>\n\t\t\t\t<div class=\"elementor-column elementor-col-50 elementor-top-column elementor-element elementor-element-f8f327f\" data-id=\"f8f327f\" data-element_type=\"column\">\n\t\t\t<div class=\"elementor-widget-wrap elementor-element-populated\">\n\t\t\t\t\t\t<div class=\"elementor-element elementor-element-b1dd620 elementor-widget elementor-widget-image\" data-id=\"b1dd620\" data-element_type=\"widget\" data-widget_type=\"image.default\">\n\t\t\t\t<div class=\"elementor-widget-container\">\n\t\t\t\t\t\t\t\t\t\t\t\t\t\t\t<img decoding=\"async\" width=\"1024\" height=\"667\" src=\"https:\/\/www.zmbcostruzionigenerali.it\/wp-content\/uploads\/2025\/08\/settore_commerciale-2.png\" class=\"attachment-large size-large wp-image-807\" alt=\"\" srcset=\"https:\/\/www.zmbcostruzionigenerali.it\/wp-content\/uploads\/2025\/08\/settore_commerciale-2.png 1024w, https:\/\/www.zmbcostruzionigenerali.it\/wp-content\/uploads\/2025\/08\/settore_commerciale-2-300x195.png 300w, https:\/\/www.zmbcostruzionigenerali.it\/wp-content\/uploads\/2025\/08\/settore_commerciale-2-768x500.png 768w\" sizes=\"(max-width: 1024px) 100vw, 1024px\" \/>\t\t\t\t\t\t\t\t\t\t\t\t\t\t\t<\/div>\n\t\t\t\t<\/div>\n\t\t\t\t\t<\/div>\n\t\t<\/div>\n\t\t\t\t\t<\/div>\n\t\t<\/section>\n\t\t\t\t<section class=\"elementor-section elementor-top-section elementor-element elementor-element-bbbb28d elementor-section-boxed elementor-section-height-default elementor-section-height-default\" data-id=\"bbbb28d\" data-element_type=\"section\">\n\t\t\t\t\t\t<div class=\"elementor-container elementor-column-gap-default\">\n\t\t\t\t\t<div class=\"elementor-column elementor-col-50 elementor-top-column elementor-element elementor-element-eb64dfd\" data-id=\"eb64dfd\" data-element_type=\"column\">\n\t\t\t<div class=\"elementor-widget-wrap elementor-element-populated\">\n\t\t\t\t\t\t<div class=\"elementor-element elementor-element-320724c elementor-widget elementor-widget-image\" data-id=\"320724c\" data-element_type=\"widget\" data-widget_type=\"image.default\">\n\t\t\t\t<div class=\"elementor-widget-container\">\n\t\t\t\t\t\t\t\t\t\t\t\t\t\t\t<img decoding=\"async\" width=\"1024\" height=\"667\" src=\"https:\/\/www.zmbcostruzionigenerali.it\/wp-content\/uploads\/2025\/08\/settore_turistico-1-1024x667.png\" class=\"attachment-large size-large wp-image-802\" alt=\"\" srcset=\"https:\/\/www.zmbcostruzionigenerali.it\/wp-content\/uploads\/2025\/08\/settore_turistico-1-1024x667.png 1024w, https:\/\/www.zmbcostruzionigenerali.it\/wp-content\/uploads\/2025\/08\/settore_turistico-1-300x195.png 300w, https:\/\/www.zmbcostruzionigenerali.it\/wp-content\/uploads\/2025\/08\/settore_turistico-1-768x500.png 768w, https:\/\/www.zmbcostruzionigenerali.it\/wp-content\/uploads\/2025\/08\/settore_turistico-1.png 1222w\" sizes=\"(max-width: 1024px) 100vw, 1024px\" \/>\t\t\t\t\t\t\t\t\t\t\t\t\t\t\t<\/div>\n\t\t\t\t<\/div>\n\t\t\t\t\t<\/div>\n\t\t<\/div>\n\t\t\t\t<div class=\"elementor-column elementor-col-50 elementor-top-column elementor-element elementor-element-021f1fb\" data-id=\"021f1fb\" data-element_type=\"column\">\n\t\t\t<div class=\"elementor-widget-wrap elementor-element-populated\">\n\t\t\t\t\t\t<div class=\"elementor-element elementor-element-4c4b2cf elementor-widget elementor-widget-text-editor\" data-id=\"4c4b2cf\" data-element_type=\"widget\" data-widget_type=\"text-editor.default\">\n\t\t\t\t<div class=\"elementor-widget-container\">\n\t\t\t\t\t\t\t\t\t<h3 class=\"wp-block-heading\"><br \/>Turistico-Ricettivo<\/h3>\n<p>Realizziamo e ristrutturiamo strutture turistico-ricettive, tra cui residence, B&amp;B e alberghi, creando ambienti accoglienti e funzionali che valorizzano il territorio e migliorano l\u2019esperienza degli ospiti. Progettiamo camere, aree comuni e spazi esterni con grande cura dei dettagli, scegliendo materiali resistenti e facilmente manutenibili, studiando percorsi, illuminazione e comfort acustico. Integriamo soluzioni per l\u2019efficienza energetica e la gestione intelligente degli impianti, riducendo costi operativi e impatto ambientale. Coordiniamo l\u2019iter autorizzativo, i cantieri e le forniture per garantire tempi certi, qualit\u00e0 costruttiva e un risultato finale in linea con le esigenze del mercato turistico.<\/p>\t\t\t\t\t\t\t\t<\/div>\n\t\t\t\t<\/div>\n\t\t\t\t\t<\/div>\n\t\t<\/div>\n\t\t\t\t\t<\/div>\n\t\t<\/section>\n\t\t\t\t<section class=\"elementor-section elementor-top-section elementor-element elementor-element-4bd0c99 elementor-section-boxed elementor-section-height-default elementor-section-height-default\" data-id=\"4bd0c99\" data-element_type=\"section\">\n\t\t\t\t\t\t<div class=\"elementor-container elementor-column-gap-default\">\n\t\t\t\t\t<div class=\"elementor-column elementor-col-50 elementor-top-column elementor-element elementor-element-8d4a40d\" data-id=\"8d4a40d\" data-element_type=\"column\">\n\t\t\t<div class=\"elementor-widget-wrap elementor-element-populated\">\n\t\t\t\t\t\t<div class=\"elementor-element elementor-element-406ac56 elementor-widget elementor-widget-text-editor\" data-id=\"406ac56\" data-element_type=\"widget\" data-widget_type=\"text-editor.default\">\n\t\t\t\t<div class=\"elementor-widget-container\">\n\t\t\t\t\t\t\t\t\t<h3 class=\"wp-block-heading\"><br \/>Direzionale<\/h3>\n<p>Costruiamo e ristrutturiamo edifici direzionali e sedi aziendali pensati per il lavoro moderno: spazi flessibili, confortevoli e tecnologicamente avanzati. Sviluppiamo soluzioni che migliorano benessere e produttivit\u00e0, intervenendo su layout, illuminazione naturale, qualit\u00e0 dell\u2019aria, acustica e connettivit\u00e0. La gestione integrata del progetto ci consente di coordinare strutture, impianti e finiture con processi chiari e verifiche puntuali, nel rispetto di tempi e budget. Offriamo anche servizi di riqualificazione energetica e adeguamento normativo, con attenzione alla sostenibilit\u00e0 e alla riduzione dei costi di esercizio, per edifici performanti e pronti ad evolvere con le necessit\u00e0 dell\u2019azienda.<\/p>\t\t\t\t\t\t\t\t<\/div>\n\t\t\t\t<\/div>\n\t\t\t\t\t<\/div>\n\t\t<\/div>\n\t\t\t\t<div class=\"elementor-column elementor-col-50 elementor-top-column elementor-element elementor-element-f2fd041\" data-id=\"f2fd041\" data-element_type=\"column\">\n\t\t\t<div class=\"elementor-widget-wrap elementor-element-populated\">\n\t\t\t\t\t\t<div class=\"elementor-element elementor-element-28a6a13 elementor-widget elementor-widget-image\" data-id=\"28a6a13\" data-element_type=\"widget\" data-widget_type=\"image.default\">\n\t\t\t\t<div class=\"elementor-widget-container\">\n\t\t\t\t\t\t\t\t\t\t\t\t\t\t\t<img loading=\"lazy\" decoding=\"async\" width=\"1024\" height=\"667\" src=\"https:\/\/www.zmbcostruzionigenerali.it\/wp-content\/uploads\/2025\/08\/settore_direzionale-1024x667.png\" class=\"attachment-large size-large wp-image-791\" alt=\"\" srcset=\"https:\/\/www.zmbcostruzionigenerali.it\/wp-content\/uploads\/2025\/08\/settore_direzionale-1024x667.png 1024w, https:\/\/www.zmbcostruzionigenerali.it\/wp-content\/uploads\/2025\/08\/settore_direzionale-300x195.png 300w, https:\/\/www.zmbcostruzionigenerali.it\/wp-content\/uploads\/2025\/08\/settore_direzionale-768x500.png 768w, https:\/\/www.zmbcostruzionigenerali.it\/wp-content\/uploads\/2025\/08\/settore_direzionale.png 1222w\" sizes=\"(max-width: 1024px) 100vw, 1024px\" \/>\t\t\t\t\t\t\t\t\t\t\t\t\t\t\t<\/div>\n\t\t\t\t<\/div>\n\t\t\t\t\t<\/div>\n\t\t<\/div>\n\t\t\t\t\t<\/div>\n\t\t<\/section>\n\t\t\t\t<section class=\"elementor-section elementor-top-section elementor-element elementor-element-e567221 elementor-section-boxed elementor-section-height-default elementor-section-height-default\" data-id=\"e567221\" data-element_type=\"section\">\n\t\t\t\t\t\t<div class=\"elementor-container elementor-column-gap-default\">\n\t\t\t\t\t<div class=\"elementor-column elementor-col-50 elementor-top-column elementor-element elementor-element-0d7832e\" data-id=\"0d7832e\" data-element_type=\"column\">\n\t\t\t<div class=\"elementor-widget-wrap elementor-element-populated\">\n\t\t\t\t\t\t<div class=\"elementor-element elementor-element-88a05cc elementor-widget elementor-widget-image\" data-id=\"88a05cc\" data-element_type=\"widget\" data-widget_type=\"image.default\">\n\t\t\t\t<div class=\"elementor-widget-container\">\n\t\t\t\t\t\t\t\t\t\t\t\t\t\t\t<img loading=\"lazy\" decoding=\"async\" width=\"1024\" height=\"667\" src=\"https:\/\/www.zmbcostruzionigenerali.it\/wp-content\/uploads\/2025\/08\/settore_progettazioni-1024x667.png\" class=\"attachment-large size-large wp-image-784\" alt=\"\" srcset=\"https:\/\/www.zmbcostruzionigenerali.it\/wp-content\/uploads\/2025\/08\/settore_progettazioni-1024x667.png 1024w, https:\/\/www.zmbcostruzionigenerali.it\/wp-content\/uploads\/2025\/08\/settore_progettazioni-300x195.png 300w, https:\/\/www.zmbcostruzionigenerali.it\/wp-content\/uploads\/2025\/08\/settore_progettazioni-768x500.png 768w, https:\/\/www.zmbcostruzionigenerali.it\/wp-content\/uploads\/2025\/08\/settore_progettazioni.png 1222w\" sizes=\"(max-width: 1024px) 100vw, 1024px\" \/>\t\t\t\t\t\t\t\t\t\t\t\t\t\t\t<\/div>\n\t\t\t\t<\/div>\n\t\t\t\t\t<\/div>\n\t\t<\/div>\n\t\t\t\t<div class=\"elementor-column elementor-col-50 elementor-top-column elementor-element elementor-element-cb26e29\" data-id=\"cb26e29\" data-element_type=\"column\">\n\t\t\t<div class=\"elementor-widget-wrap elementor-element-populated\">\n\t\t\t\t\t\t<div class=\"elementor-element elementor-element-3803def elementor-widget elementor-widget-text-editor\" data-id=\"3803def\" data-element_type=\"widget\" data-widget_type=\"text-editor.default\">\n\t\t\t\t<div class=\"elementor-widget-container\">\n\t\t\t\t\t\t\t\t\t<h3 class=\"wp-block-heading\"><br \/>Progettazioni<\/h3>\n<p>Offriamo servizi di progettazione integrata per edilizia e immobiliare, dal concept al progetto esecutivo, unendo competenze architettoniche, strutturali e impiantistiche. Realizziamo rilievi, studi di fattibilit\u00e0 tecnico-economica, pratiche urbanistiche e capitolati, assicurando qualit\u00e0, conformit\u00e0 normativa e controllo dei costi. Lavoriamo con metodologia coordinata, definendo obiettivi e tempi, proponendo soluzioni sostenibili e di facile manutenzione. Supportiamo la scelta dei materiali, la pianificazione del cantiere e la direzione lavori, fino ai collaudi, offrendo un unico referente e una documentazione completa per un percorso progettuale chiaro e affidabile.<\/p>\t\t\t\t\t\t\t\t<\/div>\n\t\t\t\t<\/div>\n\t\t\t\t\t<\/div>\n\t\t<\/div>\n\t\t\t\t\t<\/div>\n\t\t<\/section>\n\t\t\t\t<section class=\"elementor-section elementor-top-section elementor-element elementor-element-207bac0 elementor-section-boxed elementor-section-height-default elementor-section-height-default\" data-id=\"207bac0\" data-element_type=\"section\">\n\t\t\t\t\t\t<div class=\"elementor-container elementor-column-gap-default\">\n\t\t\t\t\t<div class=\"elementor-column elementor-col-50 elementor-top-column elementor-element elementor-element-a5762c6\" data-id=\"a5762c6\" data-element_type=\"column\">\n\t\t\t<div class=\"elementor-widget-wrap elementor-element-populated\">\n\t\t\t\t\t\t<div class=\"elementor-element elementor-element-cae1b69 elementor-widget elementor-widget-text-editor\" data-id=\"cae1b69\" data-element_type=\"widget\" data-widget_type=\"text-editor.default\">\n\t\t\t\t<div class=\"elementor-widget-container\">\n\t\t\t\t\t\t\t\t\t<h3 class=\"wp-block-heading\"><br \/>Sviluppo e Valorizzazione Immobiliare<\/h3>\n<p>Seguiamo l\u2019intero ciclo di vita di un immobile per aumentarne valore e rendimento: analizziamo opportunit\u00e0, costi e rischi, verifichiamo vincoli e permessi, progettiamo gli interventi e gestiamo le autorizzazioni. Attiviamo strategie mirate come ristrutturazioni, efficientamento energetico, eventuale cambio d\u2019uso, re-layout degli spazi e piani di commercializzazione per vendita o locazione. Coordiniamo fornitori, imprese e professionisti, monitorando tempi e budget con report chiari. L\u2019obiettivo \u00e8 massimizzare la redditivit\u00e0 nel medio-lungo periodo, riducendo criticit\u00e0 operative e garantendo un percorso autorizzativo e realizzativo trasparente.<\/p>\t\t\t\t\t\t\t\t<\/div>\n\t\t\t\t<\/div>\n\t\t\t\t\t<\/div>\n\t\t<\/div>\n\t\t\t\t<div class=\"elementor-column elementor-col-50 elementor-top-column elementor-element elementor-element-fba5dd2\" data-id=\"fba5dd2\" data-element_type=\"column\">\n\t\t\t<div class=\"elementor-widget-wrap elementor-element-populated\">\n\t\t\t\t\t\t<div class=\"elementor-element elementor-element-21a2062 elementor-widget elementor-widget-image\" data-id=\"21a2062\" data-element_type=\"widget\" data-widget_type=\"image.default\">\n\t\t\t\t<div class=\"elementor-widget-container\">\n\t\t\t\t\t\t\t\t\t\t\t\t\t\t\t<img loading=\"lazy\" decoding=\"async\" width=\"1024\" height=\"667\" src=\"https:\/\/www.zmbcostruzionigenerali.it\/wp-content\/uploads\/2025\/08\/settore_valorizzazione_immobiliare-1024x667.png\" class=\"attachment-large size-large wp-image-792\" alt=\"\" srcset=\"https:\/\/www.zmbcostruzionigenerali.it\/wp-content\/uploads\/2025\/08\/settore_valorizzazione_immobiliare-1024x667.png 1024w, https:\/\/www.zmbcostruzionigenerali.it\/wp-content\/uploads\/2025\/08\/settore_valorizzazione_immobiliare-300x195.png 300w, https:\/\/www.zmbcostruzionigenerali.it\/wp-content\/uploads\/2025\/08\/settore_valorizzazione_immobiliare-768x500.png 768w, https:\/\/www.zmbcostruzionigenerali.it\/wp-content\/uploads\/2025\/08\/settore_valorizzazione_immobiliare.png 1222w\" sizes=\"(max-width: 1024px) 100vw, 1024px\" \/>\t\t\t\t\t\t\t\t\t\t\t\t\t\t\t<\/div>\n\t\t\t\t<\/div>\n\t\t\t\t\t<\/div>\n\t\t<\/div>\n\t\t\t\t\t<\/div>\n\t\t<\/section>\n\t\t\t\t<section class=\"elementor-section elementor-top-section elementor-element elementor-element-2d8bedc elementor-section-boxed elementor-section-height-default elementor-section-height-default\" data-id=\"2d8bedc\" data-element_type=\"section\">\n\t\t\t\t\t\t<div class=\"elementor-container elementor-column-gap-default\">\n\t\t\t\t\t<div class=\"elementor-column elementor-col-50 elementor-top-column elementor-element elementor-element-bc1b7ae\" data-id=\"bc1b7ae\" data-element_type=\"column\">\n\t\t\t<div class=\"elementor-widget-wrap elementor-element-populated\">\n\t\t\t\t\t\t<div class=\"elementor-element elementor-element-766859c elementor-widget elementor-widget-image\" data-id=\"766859c\" data-element_type=\"widget\" data-widget_type=\"image.default\">\n\t\t\t\t<div class=\"elementor-widget-container\">\n\t\t\t\t\t\t\t\t\t\t\t\t\t\t\t<img loading=\"lazy\" decoding=\"async\" width=\"1024\" height=\"667\" src=\"https:\/\/www.zmbcostruzionigenerali.it\/wp-content\/uploads\/2025\/08\/settore_turistico-1024x667.png\" class=\"attachment-large size-large wp-image-785\" alt=\"\" srcset=\"https:\/\/www.zmbcostruzionigenerali.it\/wp-content\/uploads\/2025\/08\/settore_turistico-1024x667.png 1024w, https:\/\/www.zmbcostruzionigenerali.it\/wp-content\/uploads\/2025\/08\/settore_turistico-300x195.png 300w, https:\/\/www.zmbcostruzionigenerali.it\/wp-content\/uploads\/2025\/08\/settore_turistico-768x500.png 768w, https:\/\/www.zmbcostruzionigenerali.it\/wp-content\/uploads\/2025\/08\/settore_turistico.png 1222w\" sizes=\"(max-width: 1024px) 100vw, 1024px\" \/>\t\t\t\t\t\t\t\t\t\t\t\t\t\t\t<\/div>\n\t\t\t\t<\/div>\n\t\t\t\t\t<\/div>\n\t\t<\/div>\n\t\t\t\t<div class=\"elementor-column elementor-col-50 elementor-top-column elementor-element elementor-element-e77c985\" data-id=\"e77c985\" data-element_type=\"column\">\n\t\t\t<div class=\"elementor-widget-wrap elementor-element-populated\">\n\t\t\t\t\t\t<div class=\"elementor-element elementor-element-61e88be elementor-widget elementor-widget-text-editor\" data-id=\"61e88be\" data-element_type=\"widget\" data-widget_type=\"text-editor.default\">\n\t\t\t\t<div class=\"elementor-widget-container\">\n\t\t\t\t\t\t\t\t\t<h3 class=\"wp-block-heading\"><br \/>Amministrazioni Condominiali<\/h3>\n<p>Forniamo una gestione completa e strutturata dei condomini, con un unico referente per residenti e fornitori. Pianifichiamo manutenzioni ordinarie e straordinarie, redigiamo capitolati, selezioniamo imprese, supervisioniamo i cantieri e curiamo le pratiche amministrative e la conformit\u00e0 normativa. Gestiamo la contabilit\u00e0 condominiale con rendicontazioni trasparenti e scadenziari chiari, e coordiniamo interventi edilizi e impiantistici per sicurezza, efficienza energetica e valorizzazione delle parti comuni. Garantiamo tempi certi, controllo dei costi e comunicazione costante, offrendo supporto in assemblea e assistenza nelle eventuali pratiche legali o assicurative.<\/p>\t\t\t\t\t\t\t\t<\/div>\n\t\t\t\t<\/div>\n\t\t\t\t\t<\/div>\n\t\t<\/div>\n\t\t\t\t\t<\/div>\n\t\t<\/section>\n\t\t\t\t<section class=\"elementor-section elementor-top-section elementor-element elementor-element-37d54e0 elementor-section-boxed elementor-section-height-default elementor-section-height-default\" data-id=\"37d54e0\" data-element_type=\"section\">\n\t\t\t\t\t\t<div class=\"elementor-container elementor-column-gap-default\">\n\t\t\t\t\t<div class=\"elementor-column elementor-col-100 elementor-top-column elementor-element elementor-element-b4c56f0\" data-id=\"b4c56f0\" data-element_type=\"column\">\n\t\t\t<div class=\"elementor-widget-wrap elementor-element-populated\">\n\t\t\t\t\t\t<div class=\"elementor-element elementor-element-6d73c52 elementor-widget elementor-widget-spacer\" data-id=\"6d73c52\" data-element_type=\"widget\" data-widget_type=\"spacer.default\">\n\t\t\t\t<div class=\"elementor-widget-container\">\n\t\t\t\t\t\t\t<div class=\"elementor-spacer\">\n\t\t\t<div class=\"elementor-spacer-inner\"><\/div>\n\t\t<\/div>\n\t\t\t\t\t\t<\/div>\n\t\t\t\t<\/div>\n\t\t\t\t<div class=\"elementor-element elementor-element-6391308 elementor-widget elementor-widget-text-editor\" data-id=\"6391308\" data-element_type=\"widget\" data-widget_type=\"text-editor.default\">\n\t\t\t\t<div class=\"elementor-widget-container\">\n\t\t\t\t\t\t\t\t\t<p>Per ulteriori informazioni o per prenotare un appuntamento, <a href=\"https:\/\/www.zmbcostruzionigenerali.it\/index.php\/contatti\/\">contattaci<\/a> o visita la nostra <a href=\"https:\/\/www.instagram.com\/zmb_costruzioni_generali\/\">pagina Instagram<\/a>!<\/p>\t\t\t\t\t\t\t\t<\/div>\n\t\t\t\t<\/div>\n\t\t\t\t\t<\/div>\n\t\t<\/div>\n\t\t\t\t\t<\/div>\n\t\t<\/section>\n\t\t\t\t<\/div>\n\t\t","protected":false},"excerpt":{"rendered":"<div class=\"slide-text-bg2\"><span>Scopri tutti i Nostri Settori di Attivit\u00e0! Residenziale Realizziamo progetti residenziali di ogni tipo, dalle singole abitazioni agli interi complessi imm<\/span><\/div>\n<div class=\"slide-btn-area-sm\"><a href=\"https:\/\/www.zmbcostruzionigenerali.it\/index.php\/settori-di-attivita\/\" class=\"slide-btn-sm\">Leggi tutto<\/a><\/div>\n","protected":false},"author":2,"featured_media":0,"parent":0,"menu_order":0,"comment_status":"closed","ping_status":"closed","template":"","meta":{"footnotes":""},"class_list":["post-776","page","type-page","status-publish","hentry"],"_links":{"self":[{"href":"https:\/\/www.zmbcostruzionigenerali.it\/index.php\/wp-json\/wp\/v2\/pages\/776","targetHints":{"allow":["GET"]}}],"collection":[{"href":"https:\/\/www.zmbcostruzionigenerali.it\/index.php\/wp-json\/wp\/v2\/pages"}],"about":[{"href":"https:\/\/www.zmbcostruzionigenerali.it\/index.php\/wp-json\/wp\/v2\/types\/page"}],"author":[{"embeddable":true,"href":"https:\/\/www.zmbcostruzionigenerali.it\/index.php\/wp-json\/wp\/v2\/users\/2"}],"replies":[{"embeddable":true,"href":"https:\/\/www.zmbcostruzionigenerali.it\/index.php\/wp-json\/wp\/v2\/comments?post=776"}],"version-history":[{"count":37,"href":"https:\/\/www.zmbcostruzionigenerali.it\/index.php\/wp-json\/wp\/v2\/pages\/776\/revisions"}],"predecessor-version":[{"id":831,"href":"https:\/\/www.zmbcostruzionigenerali.it\/index.php\/wp-json\/wp\/v2\/pages\/776\/revisions\/831"}],"wp:attachment":[{"href":"https:\/\/www.zmbcostruzionigenerali.it\/index.php\/wp-json\/wp\/v2\/media?parent=776"}],"curies":[{"name":"wp","href":"https:\/\/api.w.org\/{rel}","templated":true}]}}